{"id":2427,"date":"2026-01-08T12:29:45","date_gmt":"2026-01-08T12:29:45","guid":{"rendered":"https:\/\/trevispa.com\/es\/?page_id=2427"},"modified":"2026-01-08T12:30:35","modified_gmt":"2026-01-08T12:30:35","slug":"trevi-france","status":"publish","type":"page","link":"https:\/\/trevispa.com\/es\/abouttrevi\/trevi-france\/","title":{"rendered":"Trevi France"},"content":{"rendered":"\n<p><strong>TREVI France ouvre son si\u00e8ge social \u00e0 Paris.<\/strong> L\u2019entreprise, filiale de TREVI SpA, a \u00e9t\u00e9 cr\u00e9\u00e9e en 2018 pour contribuer \u00e0 la r\u00e9alisation des ouvrages souterrains du Grand Paris Express. Aujourd\u2019hui, <strong>TREVI Fondations Sp\u00e9ciales SAS<\/strong>, soci\u00e9t\u00e9 sp\u00e9cialis\u00e9e dans les services g\u00e9otechniques et les fondations profondes, op\u00e9rera de mani\u00e8re permanente sur le march\u00e9 fran\u00e7ais.<\/p>\n\n\n\n<p><strong>TREVI SpA<\/strong>, fond\u00e9e \u00e0 Cesena (Italie) en 1957, a b\u00e2ti ses principes sur le d\u00e9veloppement technologique, les comp\u00e9tences humaines et la recherche continue, atteignant une position de leader mondial dans le domaine des fondations sp\u00e9ciales. La vaste exp\u00e9rience internationale acquise au cours de plus de 60 ans d\u2019activit\u00e9 et la collaboration \u00e9troite avec les clients et les bureaux d\u2019\u00e9tudes, d\u00e8s la phase de conception du projet, permettent au Groupe TREVI d\u2019identifier, m\u00eame dans les conditions de sol les plus complexes, les solutions les plus avantageuses sur le plan \u00e9conomique et technologique.<\/p>\n\n\n\n<p>Le Groupe TREVI, qui comprend \u00e9galement la division <strong>SOILMEC<\/strong>, l\u2019une des entreprises mondiales les plus importantes dans la production d\u2019\u00e9quipements pour fondations sp\u00e9ciales, exprime depuis toujours une forte vocation internationale. Le Groupe TREVI est pr\u00e9sent sur les cinq continents et dans plus de 40 pays \u00e0 travers ses activit\u00e9s, ses bureaux de repr\u00e9sentation, ses agences et ses chantiers.<\/p>\n\n\n\n<p>Souhaitant renforcer sa pr\u00e9sence en Europe et conscient du potentiel du march\u00e9 fran\u00e7ais, le Groupe TREVI proposera un large \u00e9ventail de techniques et de solutions avanc\u00e9es, avec un haut niveau d\u2019expertise, afin de garantir s\u00e9curit\u00e9, qualit\u00e9 et respect des d\u00e9lais.<\/p>\n\n\n\n<p class=\"has-medium-font-size\"><strong>Contacts<\/strong><\/p>\n\n\n\n<p>565 Rue de la Ceramique<br>27940 Le Val D\u2019Hazey, FRANCE<br>T\u00e9l. +33- 669084827<br>Email:\u00a0<a href=\"mailto:info@trevifrance.eu\">info@trevifrance.eu<\/a><\/p>\n","protected":false},"excerpt":{"rendered":"<p>TREVI France ouvre son si\u00e8ge social \u00e0 Paris. L\u2019entreprise, filiale de TREVI SpA, a \u00e9t\u00e9 cr\u00e9\u00e9e en 2018 pour contribuer \u00e0 la r\u00e9alisation des ouvrages souterrains du Grand Paris Express. Aujourd\u2019hui, TREVI Fondations Sp\u00e9ciales SAS, soci\u00e9t\u00e9 sp\u00e9cialis\u00e9e dans les services g\u00e9otechniques et les fondations profondes, op\u00e9rera de mani\u00e8re permanente sur le march\u00e9 fran\u00e7ais. TREVI SpA, [&hellip;]<\/p>\n","protected":false},"author":6,"featured_media":0,"parent":857,"menu_order":0,"comment_status":"closed","ping_status":"closed","template":"","meta":{"_acf_changed":true,"footnotes":""},"class_list":["post-2427","page","type-page","status-publish","hentry"],"featured_image_src":null,"featured_image_src_square":null,"acf":[],"_links":{"self":[{"href":"https:\/\/trevispa.com\/es\/wp-json\/wp\/v2\/pages\/2427","targetHints":{"allow":["GET"]}}],"collection":[{"href":"https:\/\/trevispa.com\/es\/wp-json\/wp\/v2\/pages"}],"about":[{"href":"https:\/\/trevispa.com\/es\/wp-json\/wp\/v2\/types\/page"}],"author":[{"embeddable":true,"href":"https:\/\/trevispa.com\/es\/wp-json\/wp\/v2\/users\/6"}],"replies":[{"embeddable":true,"href":"https:\/\/trevispa.com\/es\/wp-json\/wp\/v2\/comments?post=2427"}],"version-history":[{"count":0,"href":"https:\/\/trevispa.com\/es\/wp-json\/wp\/v2\/pages\/2427\/revisions"}],"up":[{"embeddable":true,"href":"https:\/\/trevispa.com\/es\/wp-json\/wp\/v2\/pages\/857"}],"wp:attachment":[{"href":"https:\/\/trevispa.com\/es\/wp-json\/wp\/v2\/media?parent=2427"}],"curies":[{"name":"wp","href":"https:\/\/api.w.org\/{rel}","templated":true}]}}

<p><strong>TREVI France ouvre son siège social à Paris.</strong> L’entreprise, filiale de TREVI SpA, a été créée en 2018 pour contribuer à la réalisation des ouvrages souterrains du Grand Paris Express. Aujourd’hui, <strong>TREVI Fondations Spéciales SAS</strong>, société spécialisée dans les services géotechniques et les fondations profondes, opérera de manière permanente sur le marché français.</p>



<p><strong>TREVI SpA</strong>, fondée à Cesena (Italie) en 1957, a bâti ses principes sur le développement technologique, les compétences humaines et la recherche continue, atteignant une position de leader mondial dans le domaine des fondations spéciales. La vaste expérience internationale acquise au cours de plus de 60 ans d’activité et la collaboration étroite avec les clients et les bureaux d’études, dès la phase de conception du projet, permettent au Groupe TREVI d’identifier, même dans les conditions de sol les plus complexes, les solutions les plus avantageuses sur le plan économique et technologique.</p>



<p>Le Groupe TREVI, qui comprend également la division <strong>SOILMEC</strong>, l’une des entreprises mondiales les plus importantes dans la production d’équipements pour fondations spéciales, exprime depuis toujours une forte vocation internationale. Le Groupe TREVI est présent sur les cinq continents et dans plus de 40 pays à travers ses activités, ses bureaux de représentation, ses agences et ses chantiers.</p>



<p>Souhaitant renforcer sa présence en Europe et conscient du potentiel du marché français, le Groupe TREVI proposera un large éventail de techniques et de solutions avancées, avec un haut niveau d’expertise, afin de garantir sécurité, qualité et respect des délais.</p>



<p class="has-medium-font-size"><strong>Contacts</strong></p>



<p>565 Rue de la Ceramique<br>27940 Le Val D’Hazey, FRANCE<br>Tél. +33- 669084827<br>Email: <a href="mailto:info@trevifrance.eu">info@trevifrance.eu</a></p>

<p>TREVI France ouvre son siège social à Paris. L’entreprise, filiale de TREVI SpA, a été créée en 2018 pour contribuer à la réalisation des ouvrages souterrains du Grand Paris Express. Aujourd’hui, TREVI Fondations Spéciales SAS, société spécialisée dans les services géotechniques et les fondations profondes, opérera de manière permanente sur le marché français. TREVI SpA, [&hellip;]</p>
